{"id":102,"date":"2020-04-02T10:08:12","date_gmt":"2020-04-02T08:08:12","guid":{"rendered":"http:\/\/tech.sosthe.sk\/?page_id=102"},"modified":"2020-04-06T16:01:17","modified_gmt":"2020-04-06T14:01:17","slug":"ccna","status":"publish","type":"page","link":"http:\/\/tech.sosthe.sk\/index.php\/ccna\/","title":{"rendered":"Cisco Academy CCNA"},"content":{"rendered":"<p><img loading=\"lazy\" decoding=\"async\" class=\"alignnone wp-image-137 size-full\" src=\"http:\/\/tech.sosthe.sk\/wp-content\/uploads\/2020\/04\/cicsco.png\" alt=\"\" width=\"903\" height=\"229\" srcset=\"http:\/\/tech.sosthe.sk\/wp-content\/uploads\/2020\/04\/cicsco.png 903w, http:\/\/tech.sosthe.sk\/wp-content\/uploads\/2020\/04\/cicsco-300x76.png 300w, http:\/\/tech.sosthe.sk\/wp-content\/uploads\/2020\/04\/cicsco-768x195.png 768w, http:\/\/tech.sosthe.sk\/wp-content\/uploads\/2020\/04\/cicsco-660x167.png 660w\" sizes=\"(max-width: 903px) 100vw, 903px\" \/><\/p>\n<h4 style=\"text-align: center;\">Materi\u00e1ly pre \u0161t\u00fadium CISCO Sie\u0165ovej Akad\u00e9mie v rozsahu CCNA 1 a 2:<\/h4>\n<p>&nbsp;<\/p>\n<h3 style=\"text-align: center;\"><a href=\"http:\/\/tech.sosthe.sk\/index.php\/ccna\/cisco-ios\/\">Cisco IOS &#8211; ovl\u00e1danie Cisco zariaden\u00ed pomocou CLI<\/a><\/h3>\n<p>&nbsp;<\/p>\n","protected":false},"excerpt":{"rendered":"<p>Materi\u00e1ly pre \u0161t\u00fadium CISCO Sie\u0165ovej Akad\u00e9mie v rozsahu CCNA 1 a 2: &nbsp; Cisco IOS &#8211; ovl\u00e1danie Cisco zariaden\u00ed pomocou CLI &nbsp;<\/p>\n","protected":false},"author":1,"featured_media":0,"parent":0,"menu_order":0,"comment_status":"closed","ping_status":"closed","template":"","meta":{"footnotes":""},"_links":{"self":[{"href":"http:\/\/tech.sosthe.sk\/index.php\/wp-json\/wp\/v2\/pages\/102"}],"collection":[{"href":"http:\/\/tech.sosthe.sk\/index.php\/wp-json\/wp\/v2\/pages"}],"about":[{"href":"http:\/\/tech.sosthe.sk\/index.php\/wp-json\/wp\/v2\/types\/page"}],"author":[{"embeddable":true,"href":"http:\/\/tech.sosthe.sk\/index.php\/wp-json\/wp\/v2\/users\/1"}],"replies":[{"embeddable":true,"href":"http:\/\/tech.sosthe.sk\/index.php\/wp-json\/wp\/v2\/comments?post=102"}],"version-history":[{"count":10,"href":"http:\/\/tech.sosthe.sk\/index.php\/wp-json\/wp\/v2\/pages\/102\/revisions"}],"predecessor-version":[{"id":462,"href":"http:\/\/tech.sosthe.sk\/index.php\/wp-json\/wp\/v2\/pages\/102\/revisions\/462"}],"wp:attachment":[{"href":"http:\/\/tech.sosthe.sk\/index.php\/wp-json\/wp\/v2\/media?parent=102"}],"curies":[{"name":"wp","href":"https:\/\/api.w.org\/{rel}","templated":true}]}}