{"id":13,"date":"2020-03-31T14:57:40","date_gmt":"2020-03-31T12:57:40","guid":{"rendered":"http:\/\/tech.sosthe.sk\/?page_id=13"},"modified":"2020-04-27T21:23:07","modified_gmt":"2020-04-27T19:23:07","slug":"pocitacove-systemy","status":"publish","type":"page","link":"http:\/\/tech.sosthe.sk\/index.php\/odborne-predmety\/pocitacove-systemy\/","title":{"rendered":"Po\u010d\u00edta\u010dov\u00e9 syst\u00e9my"},"content":{"rendered":"<p><img loading=\"lazy\" decoding=\"async\" class=\"alignnone wp-image-161 size-full\" src=\"http:\/\/tech.sosthe.sk\/wp-content\/uploads\/2020\/04\/computer.jpg\" alt=\"\" width=\"903\" height=\"257\" srcset=\"http:\/\/tech.sosthe.sk\/wp-content\/uploads\/2020\/04\/computer.jpg 903w, http:\/\/tech.sosthe.sk\/wp-content\/uploads\/2020\/04\/computer-300x85.jpg 300w, http:\/\/tech.sosthe.sk\/wp-content\/uploads\/2020\/04\/computer-768x219.jpg 768w, http:\/\/tech.sosthe.sk\/wp-content\/uploads\/2020\/04\/computer-660x188.jpg 660w\" sizes=\"(max-width: 903px) 100vw, 903px\" \/><\/p>\n<h4 style=\"text-align: center;\"><a href=\"http:\/\/tech.sosthe.sk\/index.php\/pocitacove-systemy\/praca-s-prikazovym-riadkom\/\">Pr\u00e1ca s pr\u00edkazov\u00fdm riadkom<\/a><\/h4>\n<h4 style=\"text-align: center;\"><a href=\"http:\/\/tech.sosthe.sk\/index.php\/pocitacove-systemy\/sietove-nastroje-v-os-windows\/\">Sie\u0165ov\u00e9 n\u00e1stroje v OS Windows<\/a><\/h4>\n<h4 style=\"text-align: center;\"><a href=\"http:\/\/tech.sosthe.sk\/index.php\/odborne-predmety\/pocitacove-systemy\/netsh-network-shell\/\">Netsh<\/a><\/h4>\n<h4 style=\"text-align: center;\"><a href=\"http:\/\/tech.sosthe.sk\/index.php\/2020\/04\/26\/skenovanie-portov\/\">Skener portov<\/a><\/h4>\n<h4 style=\"text-align: center;\"><a href=\"http:\/\/tech.sosthe.sk\/index.php\/2020\/04\/26\/nmap-nastroj-na-skumanie-siete\/\">Nmap<\/a><\/h4>\n<h4 style=\"text-align: center;\"><a href=\"http:\/\/tech.sosthe.sk\/index.php\/2020\/04\/26\/sietove-nastroje\/\">Wireshark<\/a><\/h4>\n<h4 style=\"text-align: center;\"><a href=\"http:\/\/tech.sosthe.sk\/index.php\/pocitacove-systemy\/telnet\/\">Telnet<\/a><\/h4>\n<h4 style=\"text-align: center;\"><a href=\"http:\/\/tech.sosthe.sk\/index.php\/2020\/04\/27\/putty\/\">PuTTY<\/a><\/h4>\n<h4 style=\"text-align: center;\"><a href=\"http:\/\/tech.sosthe.sk\/index.php\/2020\/04\/27\/winscp\/\">WinSCP<\/a><\/h4>\n<h4 style=\"text-align: center;\"><a href=\"http:\/\/tech.sosthe.sk\/index.php\/odborne-predmety\/pocitacove-systemy\/wake-on-lan\/\">Wake on LAN<\/a><\/h4>\n<h4 style=\"text-align: center;\"><a href=\"http:\/\/tech.sosthe.sk\/index.php\/odborne-predmety\/pocitacove-systemy\/computer-storage\/\">Computer Storage<\/a><\/h4>\n<h4 style=\"text-align: center;\"><a href=\"http:\/\/tech.sosthe.sk\/index.php\/odborne-predmety\/pocitacove-systemy\/raid-redundant-array-of-independent-disks\/\">RAID<\/a><\/h4>\n","protected":false},"excerpt":{"rendered":"<p>Pr\u00e1ca s pr\u00edkazov\u00fdm riadkom Sie\u0165ov\u00e9 n\u00e1stroje v OS Windows Netsh Skener portov Nmap Wireshark Telnet PuTTY WinSCP Wake on LAN Computer Storage RAID<\/p>\n","protected":false},"author":1,"featured_media":0,"parent":72,"menu_order":1,"comment_status":"closed","ping_status":"closed","template":"","meta":{"footnotes":""},"_links":{"self":[{"href":"http:\/\/tech.sosthe.sk\/index.php\/wp-json\/wp\/v2\/pages\/13"}],"collection":[{"href":"http:\/\/tech.sosthe.sk\/index.php\/wp-json\/wp\/v2\/pages"}],"about":[{"href":"http:\/\/tech.sosthe.sk\/index.php\/wp-json\/wp\/v2\/types\/page"}],"author":[{"embeddable":true,"href":"http:\/\/tech.sosthe.sk\/index.php\/wp-json\/wp\/v2\/users\/1"}],"replies":[{"embeddable":true,"href":"http:\/\/tech.sosthe.sk\/index.php\/wp-json\/wp\/v2\/comments?post=13"}],"version-history":[{"count":12,"href":"http:\/\/tech.sosthe.sk\/index.php\/wp-json\/wp\/v2\/pages\/13\/revisions"}],"predecessor-version":[{"id":772,"href":"http:\/\/tech.sosthe.sk\/index.php\/wp-json\/wp\/v2\/pages\/13\/revisions\/772"}],"up":[{"embeddable":true,"href":"http:\/\/tech.sosthe.sk\/index.php\/wp-json\/wp\/v2\/pages\/72"}],"wp:attachment":[{"href":"http:\/\/tech.sosthe.sk\/index.php\/wp-json\/wp\/v2\/media?parent=13"}],"curies":[{"name":"wp","href":"https:\/\/api.w.org\/{rel}","templated":true}]}}