{"id":41,"date":"2020-03-31T15:37:45","date_gmt":"2020-03-31T13:37:45","guid":{"rendered":"http:\/\/tech.sosthe.sk\/?page_id=41"},"modified":"2020-10-19T10:41:01","modified_gmt":"2020-10-19T08:41:01","slug":"vitajte-na-strankach-technickych-predmetov","status":"publish","type":"page","link":"http:\/\/tech.sosthe.sk\/","title":{"rendered":"Vitajte na str\u00e1nkach technick\u00fdch predmetov"},"content":{"rendered":"<h4><img loading=\"lazy\" decoding=\"async\" class=\"alignnone wp-image-141 size-full\" src=\"http:\/\/tech.sosthe.sk\/wp-content\/uploads\/2020\/04\/e-img-589.jpg\" alt=\"\" width=\"909\" height=\"295\" srcset=\"http:\/\/tech.sosthe.sk\/wp-content\/uploads\/2020\/04\/e-img-589.jpg 909w, http:\/\/tech.sosthe.sk\/wp-content\/uploads\/2020\/04\/e-img-589-300x97.jpg 300w, http:\/\/tech.sosthe.sk\/wp-content\/uploads\/2020\/04\/e-img-589-768x249.jpg 768w, http:\/\/tech.sosthe.sk\/wp-content\/uploads\/2020\/04\/e-img-589-660x214.jpg 660w\" sizes=\"(max-width: 909px) 100vw, 909px\" \/><\/h4>\n<h4 style=\"text-align: center;\">Na t\u00fdchto str\u00e1nkach n\u00e1jdete v\u00fdukov\u00e9 materi\u00e1ly, zadania, n\u00e1vody a literat\u00faru k \u0161t\u00fadiu odborn\u00fdch predmetov.<\/h4>\n<p>Di\u0161tan\u010dn\u00e9 vzdel\u00e1vanie je tu op\u00e4\u0165. Tak\u017ee znova ako v jari budeme na t\u00fdchto str\u00e1nkach uverej\u0148ova\u0165 v\u00fdukov\u00e9 materi\u00e1ly pre \u017eiakov elektrotechnick\u00fdch predmetov.<\/p>\n<p>Materi\u00e1ly s\u00fa raden\u00e9 pod\u013ea jednotliv\u00fdch predmetov. Sna\u017e\u00edme sa ich usporiada\u0165 tak, aby boli raden\u00e9 pod\u013ea toho ako sa dan\u00e1 problematika preber\u00e1 v tematick\u00fdch pl\u00e1noch.<\/p>\n<p><img loading=\"lazy\" decoding=\"async\" class=\"aligncenter\" src=\"\/wp-content\/uploads\/2020\/10\/covid-virus-clipart-md.png\" alt=\"\" width=\"175\" height=\"170\" \/><\/p>\n<p>Prajem V\u00e1m v\u0161etk\u00fdm aby ste ostali zdrav\u00fd, pln\u00fd el\u00e1nu a ochoty u\u010di\u0165 sa aj v tak\u00fdch zlo\u017eit\u00fdch podmienkach. Ve\u013ea \u00faspechov.<\/p>\n","protected":false},"excerpt":{"rendered":"<p>Na t\u00fdchto str\u00e1nkach n\u00e1jdete v\u00fdukov\u00e9 materi\u00e1ly, zadania, n\u00e1vody a literat\u00faru k \u0161t\u00fadiu odborn\u00fdch predmetov. Di\u0161tan\u010dn\u00e9 vzdel\u00e1vanie je tu op\u00e4\u0165. Tak\u017ee znova ako v jari budeme&hellip;<\/p>\n","protected":false},"author":1,"featured_media":0,"parent":0,"menu_order":0,"comment_status":"closed","ping_status":"closed","template":"","meta":{"footnotes":""},"_links":{"self":[{"href":"http:\/\/tech.sosthe.sk\/index.php\/wp-json\/wp\/v2\/pages\/41"}],"collection":[{"href":"http:\/\/tech.sosthe.sk\/index.php\/wp-json\/wp\/v2\/pages"}],"about":[{"href":"http:\/\/tech.sosthe.sk\/index.php\/wp-json\/wp\/v2\/types\/page"}],"author":[{"embeddable":true,"href":"http:\/\/tech.sosthe.sk\/index.php\/wp-json\/wp\/v2\/users\/1"}],"replies":[{"embeddable":true,"href":"http:\/\/tech.sosthe.sk\/index.php\/wp-json\/wp\/v2\/comments?post=41"}],"version-history":[{"count":7,"href":"http:\/\/tech.sosthe.sk\/index.php\/wp-json\/wp\/v2\/pages\/41\/revisions"}],"predecessor-version":[{"id":812,"href":"http:\/\/tech.sosthe.sk\/index.php\/wp-json\/wp\/v2\/pages\/41\/revisions\/812"}],"wp:attachment":[{"href":"http:\/\/tech.sosthe.sk\/index.php\/wp-json\/wp\/v2\/media?parent=41"}],"curies":[{"name":"wp","href":"https:\/\/api.w.org\/{rel}","templated":true}]}}